vided by 21?
11
Let n = 211 - 188. What is the remainder when 297 is divided by n?
21
Let b(i) = 16*i**2 - 4*i + 2. Let l be b(1). Let v(k) = k + 5. Calculate the remainder when v(l) is divided by 11.
8
Let j = 12 + 4. Let z(m) be the third derivative of m**4/24 + 5*m**3/2 + 2*m**2. What is the remainder when j is divided by z(-10)?
1
Let i(d) = 34*d - 94. Suppose -4*r = 5*k - 75, 5*k - 3*r - 75 = r. Calculate the remainder when i(4) is divided by k.
12
Suppose -c = -14 - 0. Let y = c - 36. Let o = y - -32. Calculate the remainder when 17 is divided by o.
7
Suppose -4*x = -0*x + 40. Let f be (-970)/x + 1*-1. Calculate the remainder when (f + -3)/3*2 is divided by 16.
14
What is the remainder when 36 is divided by (1/4*-1)/(14/(-728))?
10
Suppose 5*p - 180 = 2*r, 48 = 3*p - 4*r - 74. Calculate the remainder when p is divided by 4.
2
Let x = -972 + 1057. What is the remainder when x is divided by 41?
3
Let i(g) = 20*g**3 + 3*g**2 - g - 2. What is the remainder when 218 is divided by i(1)?
18
Suppose 26*l - 35*l + 90 = 0. Calculate the remainder when 36 is divided by l.
6
Suppose -2*h + 13*h - 44 = 0. Suppose 5*j = 3*d + 82, -2*d - 29 - 35 = -h*j. What is the remainder when 68 is divided by j?
12
Let p = -182 + 206. Suppose 294 = 3*u + 4*q, -q = 4*u - 4*q - 367. What is the remainder when u is divided by p?
22
Let g = -13 + 18. Let s = -27 + 47. Let a = s - 1. Calculate the remainder when a is divided by g.
4
Let d be -6*7/14*(-1)/1. Suppose -d*j - 197 = -5*i - 82, 4*i = -j + 92. Calculate the remainder when 39 is divided by i.
16
Let v(i) = 14*i**2 + 5*i + 5. Calculate the remainder when 49 is divided by v(-1).
7
Let l = 29 + -23. Calculate the remainder when 35 is divided by 19 - (18/27 + 2/l).
17
Calculate the remainder when ((-28)/(-10))/(1/5) is divided by 46/8 + (3 - 22/8).
2
Let v be ((-29)/2)/((-7)/(-98)). Let c = v - -324. Let t = -36 - -67. What is the remainder when c is divided by t?
28
Suppose 5*v + 6*n - 382 = 0, 5*v - 2*n = -3*n + 397. What is the remainder when v is divided by 29?
22
Let g(b) = -5*b**2 + b**3 + 26 + 4*b**2 - 2*b**3. Suppose 16 + 19 = 5*q. Calculate the remainder when g(0) is divided by q.
5
Suppose -5*v - 13*a + 9*a + 84 = 0, 2*v + 4*a - 36 = 0. What is the remainder when 590 is divided by v?
14
Let c = 16 - 4. Let m be -4 + (-3)/(6/4). Let f = m - -40. What is the remainder when f is divided by c?
10
Let j(l) = 7. Let s(i) = 2*i - 21. Let w(k) = -8*j(k) - 3*s(k). What is the remainder when w(-15) is divided by 34?
29
Suppose d + 122 = 5*s, 3*s = -0*d + 4*d + 63. Let j(b) = -b + 10 + 2*b - 4. Calculate the remainder when s is divided by j(3).
7
Suppose -3*n - 8 = 1. Let m(t) be the second derivative of -t**3/2 - t**2/2 - t. What is the remainder when m(n) is divided by 5?
3
Let v = 365 - 210. What is the remainder when v is divided by 79?
76
Let y(u) = 9*u + 10. Let f(i) = -5*i - 5. Let t(j) = -11*f(j) - 6*y(j). Let r(l) = 2*l**2 - 3*l - 3. What is the remainder when r(4) is divided by t(15)?
7
Let m(s) = 2*s**3 + 69*s**2 - 37*s - 60. What is the remainder when 40 is divided by m(-35)?
0
Suppose -5*k + 216 = -n + 2*n, 928 = 4*n + 4*k. Calculate the remainder when n is divided by 48.
44
Suppose -2*k = 6*k - 32. Suppose 55 = k*h + z, 1 = -2*z + 7. Let y = 92 - 43. Calculate the remainder when y is divided by h.
10
Calculate the remainder when 42 is divided by (-185)/(-8) + 85/(-680).
19
Let h = -17 + 70. Suppose 2*t + s - 24 = 0, -2*t + h = 3*t - s. What is the remainder when (-1)/6*-2*90 is divided by t?
8
Calculate the remainder when 3298/(-102)*(-20 - 4/(-2)) is divided by 14.
8
Let m(l) = 23*l - 4. Let p(n) = n**2 + n + 1. Let a be p(-1). Calculate the remainder when m(a) is divided by 15.
4
Let q(c) = -7 + 0*c + 18 + 10 - c. Let f = -16 + 21. What is the remainder when q(12) is divided by f?
4
Let o(d) = 11*d**3 - d**2. Suppose 0 = -5*g - 3*m + 4 + 11, 2*m = 0. Calculate the remainder when o(1) is divided by g.
1
Let r be 27/(-36)*(-8)/6. What is the remainder when 44 is divided by r/(-2*(-4)/(-120)*-3)?
4
Suppose -q = -4*r - 96, 0 = 2*r - 4*r - 2*q - 48. What is the remainder when (64/(-1))/(22 + r) is divided by 18?
14
Let a be (6/(-4))/((-15)/50). Suppose 0 = 4*w + 2*m - 4*m - 30, 0 = -w - a*m - 9. What is the remainder when 22 is divided by w?
4
Let r = -2 - 3. Let i be r*((-12)/20 + 1). What is the remainder when ((-1)/i)/(5/430) is divided by 23?
20
Let q(v) = v**3 + 5*v**2 - v - 4. Let b = -9 + 4. Suppose -2 = -n + 4*p + 1, 4*n + 3*p = 12. What is the remainder when n is divided by q(b)?
0
Suppose -2*w + u = -60, -15*w + 3*u - 37 = -16*w. Suppose -4*q + 28 = 2*i, -q - 3*q = -20. Suppose 48 = -p + i*p. What is the remainder when w is divided by p?
15
What is the remainder when 8 is divided by (-6 - -9)/(((-36)/(-8))/3)?
0
Suppose 3*s - 17 = -0*s - 5*q, 3*q + 13 = 4*s. Calculate the remainder when 1*4*11/s is divided by 5.
1
Let p(i) = -i**2 + 2*i + 510. Calculate the remainder when p(-15) is divided by 126.
3
Suppose 28 + 26 = 3*w. Suppose 4*k = -6 + w. What is the remainder when 4 is divided by k?
1
Suppose -2*r + 7*q = 4*q + 9, -4*r - q = -17. What is the remainder when 42 is divided by r?
0
Let b be ((-18)/(-5))/((-4)/(-10)). Suppose -7 - b = -q. What is the remainder when 46 is divided by q?
14
Calculate the remainder when 110/15 - (7/3 + -2) is divided by 2.
1
Let l(r) = -18*r - 25. Let w be 1/(-3)*(-1 - 8). Calculate the remainder when l(-4) is divided by ((-16)/10)/(w/(-30)).
15
Let p be 18/3*(-2)/(-4). Let i(k) = 3*k + 4. What is the remainder when i(5) is divided by p/9*3*11?
8
What is the remainder when 109 is divided by (184/10)/((-20)/(-100))?
17
Suppose 29*s - 3420 = -9*s. What is the remainder when s is divided by 33?
24
Let z(o) = -o**2 - 21*o - 101. Calculate the remainder when 5 is divided by z(-8).
2
Let a(v) = -13 + 7*v + 16 - 20. What is the remainder when a(6) is divided by 7?
4
Suppose 2*j - 48 = -2*t, 0 = -0*t + 4*t - 4*j - 136. Let b = 29 - t. Suppose 5*v - v = 5*g, -4*g + 16 = b. Calculate the remainder when 19 is divided by v.
4
Let w(s) = s**3 - 4*s**2 - 12*s + 2. Let x = 44 + -37. What is the remainder when w(x) is divided by 34?
31
Let p = -712 + 848. Calculate the remainder when p is divided by 26.
6
Suppose -4*k - 4*m = -5*k + 160, 3*m - 188 = -k. What is the remainder when k is divided by 36?
32
Suppose -4*g = 4*m - 80, 5*g - 105 = -4*m - 0*m. What is the remainder when g is divided by 8?
1
Let m be 4 + -1 + -1 + 2. Let s = -5 - m. Let n(b) = -b**2 - 8*b + 11. Calculate the remainder when 4 is divided by n(s).
0
Suppose 4*i + 1864 = -2*o + 6*o, 3 = -i. What is the remainder when o is divided by 58?
57
Let o(h) = 2*h**2 - h + 4. Suppose 0 = -2*r + 4*i + 210, -82 = -r - i + 14. What is the remainder when r is divided by o(-3)?
24
Let n = 69 + -35. Suppose i - 34 = -2*s, -i - n = -0*s - 2*s. Calculate the remainder when s is divided by 7.
3
Let s(v) = -v**3 - 6*v**2 - 9*v - 4. Let m = -1684 - -1698. Calculate the remainder when s(-7) is divided by m.
10
Let m = 11 + -6. Suppose -12 = -8*t + m*t. Calculate the remainder when ((-22)/(-4))/(-7 + 90/12) is divided by t.
3
Suppose 25 = -x - 3*g, -3*x - 83 = 5*g - 4*g. Calculate the remainder when 165 is divided by 1*(-12)/8*x.
39
Suppose -3*d + 2*z - 20 = -7*d, -5*d + 25 = 3*z. Let g = d + 24. What is the remainder when g is divided by 11?
7
Let t = 495 - 424. Calculate the remainder when t is divided by 57.
14
Let f = -13231 + 13280. Suppose -t - t + 16 = -4*z, -4*t - 2*z = -82. What is the remainder when f is divided by t?
13
Let g = 26 + -13. Let v = -21 + 26. What is the remainder when g is divided by v?
3
Let n = -1490 + 2362. What is the remainder when -5*n/(-100) - (-2)/5 is divided by 16?
12
Suppose 0 = -12*g - 34 + 346. Let a(w) = 26*w**2 - 2. Calculate the remainder when a(-2) is divided by g.
24
Suppose 3*t - 7*t + 152 = 4*b, 2*b = -5*t + 88. Suppose 1 = 3*u - 2. Calculate the remainder when b - ((-1)/u)/1 is divided by 19.
16
Let x = 273 - 247. What is the remainder when 165 is divided by x?
9
Let z(w) = -w**2 + 3*w + 2. Let m be z(5). Let c = m + 13. Suppose -2*p - 4*x + 32 = 0, -c*p + 4*x = -x - 5. Calculate the remainder when 23 is divided by p.
5
Let y(k) = k**3 + 9*k**2 + k + 30. Suppose 6*n + 11 + 43 = 0. Wha